 847 is divided by 359?
129
What is the remainder when 395 is divided by 187?
21
Calculate the remainder when 7152 is divided by 1868.
1548
What is the remainder when 60284 is divided by 197?
2
What is the remainder when 2209 is divided by 366?
13
What is the remainder when 280732 is divided by 7587?
13
What is the remainder when 138670 is divided by 34665?
10
What is the remainder when 11101 is divided by 2745?
121
Calculate the remainder when 2279 is divided by 120.
119
What is the remainder when 1295 is divided by 400?
95
Calculate the remainder when 3508 is divided by 3498.
10
Calculate the remainder when 3542 is divided by 1154.
80
Calculate the remainder when 5095 is divided by 4900.
195
Calculate the remainder when 1688 is divided by 322.
78
Calculate the remainder when 18703 is divided by 211.
135
What is the remainder when 4990 is divided by 841?
785
What is the remainder when 17762 is divided by 949?
680
What is the remainder when 9212 is divided by 3067?
11
What is the remainder when 18804 is divided by 144?
84
What is the remainder when 610458 is divided by 12?
6
Calculate the remainder when 751 is divided by 1.
0
Calculate the remainder when 20152 is divided by 123.
103
Calculate the remainder when 1210943 is divided by 209.
206
Calculate the remainder when 22735 is divided by 505.
10
What is the remainder when 182276 is divided by 182254?
22
Calculate the remainder when 283516 is divided by 16.
12
What is the remainder when 66021 is divided by 188?
33
What is the remainder when 979946 is divided by 47?
43
What is the remainder when 761 is divided by 15?
11
What is the remainder when 786 is divided by 14?
2
Calculate the remainder when 81186 is divided by 44.
6
What is the remainder when 54516 is divided by 281?
2
Calculate the remainder when 641228 is divided by 22901.
0
What is the remainder when 62971 is divided by 1462?
105
What is the remainder when 9063 is divided by 1025?
863
What is the remainder when 816042 is divided by 163208?
2
What is the remainder when 15236 is divided by 2126?
354
Calculate the remainder when 2677 is divided by 2632.
45
What is the remainder when 1584 is divided by 329?
268
What is the remainder when 4863 is divided by 2429?
5
What is the remainder when 25983 is divided by 82?
71
What is the remainder when 2108 is divided by 1078?
1030
What is the remainder when 822 is divided by 386?
50
What is the remainder when 910 is divided by 295?
25
Calculate the remainder when 13979 is divided by 732.
71
What is the remainder when 405 is divided by 219?
186
Calculate the remainder when 401 is divided by 27.
23
What is the remainder when 20719 is divided by 10295?
129
Calculate the remainder when 9167 is divided by 3052.
11
Calculate the remainder when 2934 is divided by 172.
10
Calculate the remainder when 22221 is divided by 718.
681
Calculate the remainder when 4074 is divided by 12.
6
What is the remainder when 1998048 is divided by 399609?
3
Calculate the remainder when 14846 is divided by 241.
145
What is the remainder when 157379 is divided by 10?
9
Calculate the remainder when 603339 is divided by 27.
24
Calculate the remainder when 2878 is divided by 2868.
10
Calculate the remainder when 68653 is divided by 613.
610
Calculate the remainder when 522 is divided by 486.
36
What is the remainder when 4280 is divided by 426?
20
Calculate the remainder when 2871 is divided by 674.
175
What is the remainder when 24795 is divided by 24738?
57
What is the remainder when 12903 is divided by 669?
192
Calculate the remainder when 16126 is divided by 3171.
271
What is the remainder when 861983 is divided by 328?
327
Calculate the remainder when 8308 is divided by 3555.
1198
Calculate the remainder when 1241951 is divided by 32.
31
Calculate the remainder when 169827 is divided by 4852.
7
What is the remainder when 570250 is divided by 240?
10
Calculate the remainder when 66141 is divided by 148.
133
What is the remainder when 80386 is divided by 154?
152
Calculate the remainder when 1796 is divided by 111.
20
Calculate the remainder when 2060 is divided by 91.
58
What is the remainder when 7557 is divided by 220?
77
Calculate the remainder when 37923 is divided by 76.
75
What is the remainder when 2305 is divided by 110?
105
What is the remainder when 6508 is divided by 61?
42
Calculate the remainder when 1196713 is divided by 396.
1
Calculate the remainder when 11859 is divided by 1320.
1299
What is the remainder when 5307 is divided by 383?
328
What is the remainder when 26301 is divided by 195?
171
What is the remainder when 1660283 is divided by 1088?
1083
What is the remainder when 39385 is divided by 33?
16
What is the remainder when 21143 is divided by 757?
704
Calculate the remainder when 3240 is divided by 35.
20
Calculate the remainder when 11093 is divided by 198.
5
Calculate the remainder when 16185 is divided by 2.
1
Calculate the remainder when 30380 is divided by 7440.
620
What is the remainder when 833633 is divided by 64125?
8
Calculate the remainder when 353071 is divided by 24.
7
Calculate the remainder when 4404916 is divided by 41.
40
What is the remainder when 11397 is divided by 11302?
95
Calculate the remainder when 453 is divided by 73.
15
Calculate the remainder when 1474577 is divided by 9.
8
Calculate the remainder when 2684 is divided by 270.
254
Calculate the remainder when 904939 is divided by 61.
4
Calculate the remainder when 21523 is divided by 105.
103
Calculate the remainder when 775 is divided by 737.
38
Calculate the remainder when 24294 is divided by 324.
318
Calculate the remainder when 2216796 is divided by 50.
46
What is the remainder when 1502 is divided by 43?
40
Calculate the remainder when 198687 is divided by 431.
427
Calculate the remainder when 3126 is divided by 28.
18
Calculate the remainder when 74525 is divided by 9.
5
What is the remainder when 36439 is divided by 15?
4
Calculate the remainder when 20652 is divided by 482.
408
Calculate the remainder when 15737 is divided by 190.
157
What is the remainder when 1513 is divided by 84?
1
Calculate the remainder when 6217 is divided by 127.
121
Calculate the remainder when 6584 is divided by 13.
6
Calculate the remainder when 149582 is divided by 645.
587
Calculate the remainder when 293481 is divided by 4.
1
Calculate the remainder when 58625 is divided by 143.
138
What is the remainder when 3075 is divided by 511?
9
Calculate the remainder when 27042 is divided by 37.
32
What is the remainder when 69382 is divided by 303?
298
Calculate the remainder when 63523 is divided by 20.
3
What is the remainder when 376111 is divided by 19?
6
Calculate the remainder when 41257 is divided by 1649.
32
Calculate the remainder when 119434 is divided by 26.
16
Calculate the remainder when 61278 is divided by 79.
53
What is the remainder when 20602 is divided by 1665?
622
What is the remainder when 591564 is divided by 227?
2
Calculate the remainder when 640011 is divided by 42.
15
What is the remainder when 26536 is divided by 223?
222
Calculate the remainder when 191906 is divided by 509.
13
Calculate the remainder when 2284 is divided by 30.
4
What is the remainder when 45322 is divided by 262?
258
Calculate the remainder when 11585 is divided by 122.
117
Calculate the remainder when 433 is divided by 241.
192
What is the remainder when 129735 is divided by 279?
0
What is the remainder when 54405 is divided by 27189?
27
Calculate the remainder when 7572 is divided by 1081.
5
Calculate the remainder when 3182737 is divided by 22.
19
What is the remainder when 24627 is divided by 244?
227
Calculate the remainder when 409425 is divided by 223.
220
Calculate the remainder when 8427 is divided by 74.
65
Calculate the remainder when 18790 is divided by 1049.
957
What is the remainder when 961 is divided by 144?
97
Calculate the remainder when 37494 is divided by 160.
54
Calculate the remainder when 39201 is divided by 11.
8
What is the remainder when 14035 is divided by 130?
125
Calculate the remainder when 5475 is divided by 5432.
43
Calculate the remainder when 553350 is divided by 526.
524
What is the remainder when 196054 is divided by 46?
2
Calculate the remainder when 2621 is divided by 38.
37
What is the remainder when